{"id":545,"date":"2024-02-27T11:11:13","date_gmt":"2024-02-27T10:11:13","guid":{"rendered":"https:\/\/ecole-anthropocene.fr\/?post_type=ajde_events&#038;p=545"},"modified":"2024-03-19T19:34:23","modified_gmt":"2024-03-19T18:34:23","slug":"agorakademi","status":"publish","type":"ajde_events","link":"https:\/\/ecole-anthropocene.fr\/?ajde_events=agorakademi","title":{"rendered":"AgorAkademi"},"content":{"rendered":"\n<p>Le projet de recherche AgorAkademi, dirig\u00e9 par <a href=\"https:\/\/ecole-anthropocene.fr\/?p=725\" data-type=\"post\" data-id=\"725\">Nil\u00fcfer G\u00f6le<\/a>, explore les dynamiques complexes du lien social au sein des soci\u00e9t\u00e9s multiculturelles. En mettant l&rsquo;accent sur l&rsquo;espace public, cette recherche examine comment celui-ci peut \u00eatre un lieu d&rsquo;\u00e9mancipation et de cr\u00e9ativit\u00e9, favorisant la visibilit\u00e9 des acteurs, les interactions interpersonnelles, ainsi que les expressions esth\u00e9tiques.<\/p>\n\n\n\n<p>AgorAkademi r\u00e9unit des chercheurs, des artistes et des acteurs sociaux engag\u00e9s dans le but de g\u00e9n\u00e9rer de nouvelles perspectives sur l&rsquo;\u00e9tude de l&rsquo;espace public \u00e0 l&rsquo;\u00e8re de la mondialisation. Ce projet s&rsquo;int\u00e9resse particuli\u00e8rement \u00e0 l&rsquo;\u00e9mergence des initiatives citoyennes et aux formes de partage et de solidarit\u00e9 qui se d\u00e9veloppent dans des contextes difficiles, tels que les r\u00e9gimes autoritaires, l&rsquo;immigration forc\u00e9e et les crises environnementales.<\/p>\n\n\n\n<p>En collaboration avec A l&rsquo;\u00c9cole de l&rsquo;Anthropoc\u00e8ne 2024, ce s\u00e9minaire cherche \u00e0 \u00e9largir la r\u00e9flexion sur l&rsquo;espace public au-del\u00e0 des fronti\u00e8res urbaines, en incluant une r\u00e9flexion sur notre rapport \u00e0 la Terre dans son ensemble. Cette approche transdisciplinaire vise \u00e0 repenser nos modes d&rsquo;occupation et de cohabitation de la plan\u00e8te, en prenant en compte les d\u00e9fis socio-environnementaux contemporains.<\/p>\n\n\n\n<p>AgorAkademi, Nomis Foundation, Columbia Global Centers, Paris<\/p>\n\n\n\n<p><em>Pour t\u00e9l\u00e9charger le programme complet de la journ\u00e9e, <strong><a href=\"https:\/\/october-octopus.com\/wp-content\/uploads\/2024\/03\/Agorakademi-A-lEcole-de-lAnthropoceneDEF-WEB.pdf\" data-type=\"link\" data-id=\"https:\/\/october-octopus.com\/wp-content\/uploads\/2024\/03\/Agorakademi-A-lEcole-de-lAnthropoceneDEF-WEB.pdf\">cliquez ici<\/a><\/strong>. <\/em><\/p>\n\n\n\n<p><\/p>\n\n\n\n<p><strong>1. \u201cDe l\u2019urbain \u00e0 l\u2019anthropoc\u00e8ne\u201d (10h-12h)<\/strong><\/p>\n\n\n\n<p>S\u00e9ance anim\u00e9e par <a href=\"https:\/\/ecole-anthropocene.fr\/?p=1054\" data-type=\"post\" data-id=\"1054\">Fran\u00e7ois De Gasperi<\/a><\/p>\n\n\n\n<p><strong><strong><a href=\"https:\/\/ecole-anthropocene.fr\/?p=262\" data-type=\"post\" data-id=\"262\">Michel Lussault<\/a><\/strong>, <\/strong>g\u00e9ographe : \u201c<strong>L\u2019urbanisation vectrice de l\u2019anthropoc\u00e8ne<\/strong>\u201d<br><strong><a href=\"https:\/\/ecole-anthropocene.fr\/?p=720\" data-type=\"post\" data-id=\"720\">Jo\u00eblle Zask<\/a><\/strong>, philosophe&nbsp;: \u201c<strong>De l\u2019espace public au lieu public<\/strong>\u201d<strong><br><\/strong>&nbsp;<\/p>\n\n\n\n<div class=\"wp-block-buttons is-content-justification-center is-layout-flex wp-container-core-buttons-is-layout-1 wp-block-buttons-is-layout-flex\" style=\"margin-top:0;margin-bottom:0\">\n<div class=\"wp-block-button has-custom-font-size has-cite-font-family has-medium-font-size\" style=\"text-decoration:underline\"><a class=\"wp-block-button__link has-base-color has-text-color has-link-color wp-element-button\" href=\"https:\/\/www.helloasso.com\/associations\/cite-anthropocene\/evenements\/agorakademi-1-de-l-urbain-a-l-anthropocene-10h-12h\" style=\"border-style:none;border-width:0px;border-radius:10px;padding-top:var(--wp--preset--spacing--30);padding-right:var(--wp--preset--spacing--40);padding-bottom:var(--wp--preset--spacing--30);padding-left:var(--wp--preset--spacing--40)\" target=\"_blank\" rel=\"noreferrer noopener\">R\u00e9server ma place<\/a><\/div>\n<\/div>\n\n\n\n<hr class=\"wp-block-separator has-alpha-channel-opacity\"\/>\n\n\n\n<p><strong>2. \u201cLa for\u00eat, un espace public ?\u201d (13h30-15h30)<\/strong><\/p>\n\n\n\n<p>S\u00e9ance anim\u00e9e par <a href=\"https:\/\/ecole-anthropocene.fr\/?p=725\" data-type=\"post\" data-id=\"725\">Nil\u00fcfer G\u00f6le<\/a><\/p>\n\n\n\n<p><br><strong><a href=\"https:\/\/ecole-anthropocene.fr\/?p=1186\" data-type=\"post\" data-id=\"1186\">Romain Rampillon<\/a><\/strong>, r\u00e9alisateur : \u201c<strong><em>Jusqu&rsquo;o\u00f9, la for\u00eat ?<\/em><\/strong>\u201d<strong><br><a href=\"https:\/\/ecole-anthropocene.fr\/?p=718\" data-type=\"post\" data-id=\"718\">G\u00f6k\u00e7e Tuncel<\/a><\/strong>, doctorante en sciences sociales : \u201c<strong>De la place publique aux For\u00eats du Nord : une \u00e9tude sociologique des collectifs de lutte \u00e9cologistes dans l\u2019apr\u00e8s mouvement \u00ab Gezi Park \u00bb \u00e0 Istanbul (2013-2018)<\/strong>\u201d<br><strong><a href=\"https:\/\/ecole-anthropocene.fr\/?p=722\" data-type=\"post\" data-id=\"722\">Feda Wardak<\/a><\/strong>, architecte-constructeur<em> <\/em>: \u201c<strong><em>En dessous<\/em>, la for\u00eat<\/strong>\u201d<\/p>\n\n\n\n<p><\/p>\n\n\n\n<div class=\"wp-block-buttons is-content-justification-center is-layout-flex wp-container-core-buttons-is-layout-2 wp-block-buttons-is-layout-flex\" style=\"margin-top:0;margin-bottom:0\">\n<div class=\"wp-block-button has-custom-font-size has-cite-font-family has-medium-font-size\" style=\"text-decoration:underline\"><a class=\"wp-block-button__link has-base-color has-text-color has-link-color wp-element-button\" href=\"https:\/\/www.helloasso.com\/associations\/cite-anthropocene\/evenements\/agorakademi-2-la-foret-un-espace-public-13h30-15h30\" style=\"border-style:none;border-width:0px;border-radius:10px;padding-top:var(--wp--preset--spacing--30);padding-right:var(--wp--preset--spacing--40);padding-bottom:var(--wp--preset--spacing--30);padding-left:var(--wp--preset--spacing--40)\" target=\"_blank\" rel=\"noreferrer noopener\">R\u00e9server ma place<\/a><\/div>\n<\/div>\n\n\n\n<hr class=\"wp-block-separator has-alpha-channel-opacity\"\/>\n\n\n\n<p><strong>3. \u201cCohabiter dans l\u2019espace public\u201d <strong> (16h-18h)<\/strong><\/strong><\/p>\n\n\n\n<p>S\u00e9ance anim\u00e9e par <a href=\"https:\/\/ecole-anthropocene.fr\/?p=262\" data-type=\"post\" data-id=\"262\">Michel Lussault<\/a>, g\u00e9ographe<\/p>\n\n\n\n<p><strong><a href=\"https:\/\/ecole-anthropocene.fr\/?p=1183\" data-type=\"post\" data-id=\"1183\">Thomas Boutreux<\/a><\/strong>, \u00e9cologue<br><strong><a href=\"https:\/\/ecole-anthropocene.fr\/?p=716\" data-type=\"post\" data-id=\"716\">Axelle Gr\u00e9goire<\/a><\/strong>, architecte&nbsp;: \u201c<strong>Manuel de cohabitation en imaginaires terrestres<\/strong>\u201d<br><strong>Matiline Paulet<\/strong>, anthropologue de l&rsquo;environnement<\/p>\n\n\n\n<div class=\"wp-block-buttons is-content-justification-center is-layout-flex wp-container-core-buttons-is-layout-3 wp-block-buttons-is-layout-flex\" style=\"margin-top:0;margin-bottom:0\">\n<div class=\"wp-block-button has-custom-font-size has-cite-font-family has-medium-font-size\" style=\"text-decoration:underline\"><a class=\"wp-block-button__link has-base-color has-text-color has-link-color wp-element-button\" href=\"https:\/\/www.helloasso.com\/associations\/cite-anthropocene\/evenements\/agorakademi-3-cohabiter-dans-l-espace-public-16h-18h\" style=\"border-style:none;border-width:0px;border-radius:10px;padding-top:var(--wp--preset--spacing--30);padding-right:var(--wp--preset--spacing--40);padding-bottom:var(--wp--preset--spacing--30);padding-left:var(--wp--preset--spacing--40)\" target=\"_blank\" rel=\"noreferrer noopener\">R\u00e9server ma place<\/a><\/div>\n<\/div>\n","protected":false},"author":1,"featured_media":0,"menu_order":0,"comment_status":"closed","ping_status":"closed","template":"","meta":{"inline_featured_image":false},"tags":[],"event_type":[],"event_type_2":[],"class_list":["post-545","ajde_events","type-ajde_events","status-publish","hentry","event_location-college-truffaut"],"_links":{"self":[{"href":"https:\/\/ecole-anthropocene.fr\/index.php?rest_route=\/wp\/v2\/ajde_events\/545","targetHints":{"allow":["GET"]}}],"collection":[{"href":"https:\/\/ecole-anthropocene.fr\/index.php?rest_route=\/wp\/v2\/ajde_events"}],"about":[{"href":"https:\/\/ecole-anthropocene.fr\/index.php?rest_route=\/wp\/v2\/types\/ajde_events"}],"author":[{"embeddable":true,"href":"https:\/\/ecole-anthropocene.fr\/index.php?rest_route=\/wp\/v2\/users\/1"}],"replies":[{"embeddable":true,"href":"https:\/\/ecole-anthropocene.fr\/index.php?rest_route=%2Fwp%2Fv2%2Fcomments&post=545"}],"wp:attachment":[{"href":"https:\/\/ecole-anthropocene.fr\/index.php?rest_route=%2Fwp%2Fv2%2Fmedia&parent=545"}],"wp:term":[{"taxonomy":"post_tag","embeddable":true,"href":"https:\/\/ecole-anthropocene.fr\/index.php?rest_route=%2Fwp%2Fv2%2Ftags&post=545"},{"taxonomy":"event_type","embeddable":true,"href":"https:\/\/ecole-anthropocene.fr\/index.php?rest_route=%2Fwp%2Fv2%2Fevent_type&post=545"},{"taxonomy":"event_type_2","embeddable":true,"href":"https:\/\/ecole-anthropocene.fr\/index.php?rest_route=%2Fwp%2Fv2%2Fevent_type_2&post=545"}],"curies":[{"name":"wp","href":"https:\/\/api.w.org\/{rel}","templated":true}]}}

<p>Le projet de recherche AgorAkademi, dirigé par <a href="https://ecole-anthropocene.fr/?p=725" data-type="post" data-id="725">Nilüfer Göle</a>, explore les dynamiques complexes du lien social au sein des sociétés multiculturelles. En mettant l&rsquo;accent sur l&rsquo;espace public, cette recherche examine comment celui-ci peut être un lieu d&rsquo;émancipation et de créativité, favorisant la visibilité des acteurs, les interactions interpersonnelles, ainsi que les expressions esthétiques.</p>



<p>AgorAkademi réunit des chercheurs, des artistes et des acteurs sociaux engagés dans le but de générer de nouvelles perspectives sur l&rsquo;étude de l&rsquo;espace public à l&rsquo;ère de la mondialisation. Ce projet s&rsquo;intéresse particulièrement à l&rsquo;émergence des initiatives citoyennes et aux formes de partage et de solidarité qui se développent dans des contextes difficiles, tels que les régimes autoritaires, l&rsquo;immigration forcée et les crises environnementales.</p>



<p>En collaboration avec A l&rsquo;École de l&rsquo;Anthropocène 2024, ce séminaire cherche à élargir la réflexion sur l&rsquo;espace public au-delà des frontières urbaines, en incluant une réflexion sur notre rapport à la Terre dans son ensemble. Cette approche transdisciplinaire vise à repenser nos modes d&rsquo;occupation et de cohabitation de la planète, en prenant en compte les défis socio-environnementaux contemporains.</p>



<p>AgorAkademi, Nomis Foundation, Columbia Global Centers, Paris</p>



<p><em>Pour télécharger le programme complet de la journée, <strong><a href="https://october-octopus.com/wp-content/uploads/2024/03/Agorakademi-A-lEcole-de-lAnthropoceneDEF-WEB.pdf" data-type="link" data-id="https://october-octopus.com/wp-content/uploads/2024/03/Agorakademi-A-lEcole-de-lAnthropoceneDEF-WEB.pdf">cliquez ici</a></strong>. </em></p>



<p></p>



<p><strong>1. “De l’urbain à l’anthropocène” (10h-12h)</strong></p>



<p>Séance animée par <a href="https://ecole-anthropocene.fr/?p=1054" data-type="post" data-id="1054">François De Gasperi</a></p>



<p><strong><strong><a href="https://ecole-anthropocene.fr/?p=262" data-type="post" data-id="262">Michel Lussault</a></strong>, </strong>géographe : “<strong>L’urbanisation vectrice de l’anthropocène</strong>”<br><strong><a href="https://ecole-anthropocene.fr/?p=720" data-type="post" data-id="720">Joëlle Zask</a></strong>, philosophe&nbsp;: “<strong>De l’espace public au lieu public</strong>”<strong><br></strong>&nbsp;</p>



<div class="wp-block-buttons is-content-justification-center is-layout-flex wp-container-core-buttons-is-layout-1 wp-block-buttons-is-layout-flex" style="margin-top:0;margin-bottom:0">
<div class="wp-block-button has-custom-font-size has-cite-font-family has-medium-font-size" style="text-decoration:underline"><a class="wp-block-button__link has-base-color has-text-color has-link-color wp-element-button" href="https://www.helloasso.com/associations/cite-anthropocene/evenements/agorakademi-1-de-l-urbain-a-l-anthropocene-10h-12h" style="border-style:none;border-width:0px;border-radius:10px;padding-top:var(--wp--preset--spacing--30);padding-right:var(--wp--preset--spacing--40);padding-bottom:var(--wp--preset--spacing--30);padding-left:var(--wp--preset--spacing--40)" target="_blank" rel="noreferrer noopener">Réserver ma place</a></div>
</div>



<hr class="wp-block-separator has-alpha-channel-opacity"/>



<p><strong>2. “La forêt, un espace public ?” (13h30-15h30)</strong></p>



<p>Séance animée par <a href="https://ecole-anthropocene.fr/?p=725" data-type="post" data-id="725">Nilüfer Göle</a></p>



<p><br><strong><a href="https://ecole-anthropocene.fr/?p=1186" data-type="post" data-id="1186">Romain Rampillon</a></strong>, réalisateur : “<strong><em>Jusqu&rsquo;où, la forêt ?</em></strong>”<strong><br><a href="https://ecole-anthropocene.fr/?p=718" data-type="post" data-id="718">Gökçe Tuncel</a></strong>, doctorante en sciences sociales : “<strong>De la place publique aux Forêts du Nord : une étude sociologique des collectifs de lutte écologistes dans l’après mouvement « Gezi Park » à Istanbul (2013-2018)</strong>”<br><strong><a href="https://ecole-anthropocene.fr/?p=722" data-type="post" data-id="722">Feda Wardak</a></strong>, architecte-constructeur<em> </em>: “<strong><em>En dessous</em>, la forêt</strong>”</p>



<p></p>



<div class="wp-block-buttons is-content-justification-center is-layout-flex wp-container-core-buttons-is-layout-2 wp-block-buttons-is-layout-flex" style="margin-top:0;margin-bottom:0">
<div class="wp-block-button has-custom-font-size has-cite-font-family has-medium-font-size" style="text-decoration:underline"><a class="wp-block-button__link has-base-color has-text-color has-link-color wp-element-button" href="https://www.helloasso.com/associations/cite-anthropocene/evenements/agorakademi-2-la-foret-un-espace-public-13h30-15h30" style="border-style:none;border-width:0px;border-radius:10px;padding-top:var(--wp--preset--spacing--30);padding-right:var(--wp--preset--spacing--40);padding-bottom:var(--wp--preset--spacing--30);padding-left:var(--wp--preset--spacing--40)" target="_blank" rel="noreferrer noopener">Réserver ma place</a></div>
</div>



<hr class="wp-block-separator has-alpha-channel-opacity"/>



<p><strong>3. “Cohabiter dans l’espace public” <strong> (16h-18h)</strong></strong></p>



<p>Séance animée par <a href="https://ecole-anthropocene.fr/?p=262" data-type="post" data-id="262">Michel Lussault</a>, géographe</p>



<p><strong><a href="https://ecole-anthropocene.fr/?p=1183" data-type="post" data-id="1183">Thomas Boutreux</a></strong>, écologue<br><strong><a href="https://ecole-anthropocene.fr/?p=716" data-type="post" data-id="716">Axelle Grégoire</a></strong>, architecte&nbsp;: “<strong>Manuel de cohabitation en imaginaires terrestres</strong>”<br><strong>Matiline Paulet</strong>, anthropologue de l&rsquo;environnement</p>



<div class="wp-block-buttons is-content-justification-center is-layout-flex wp-container-core-buttons-is-layout-3 wp-block-buttons-is-layout-flex" style="margin-top:0;margin-bottom:0">
<div class="wp-block-button has-custom-font-size has-cite-font-family has-medium-font-size" style="text-decoration:underline"><a class="wp-block-button__link has-base-color has-text-color has-link-color wp-element-button" href="https://www.helloasso.com/associations/cite-anthropocene/evenements/agorakademi-3-cohabiter-dans-l-espace-public-16h-18h" style="border-style:none;border-width:0px;border-radius:10px;padding-top:var(--wp--preset--spacing--30);padding-right:var(--wp--preset--spacing--40);padding-bottom:var(--wp--preset--spacing--30);padding-left:var(--wp--preset--spacing--40)" target="_blank" rel="noreferrer noopener">Réserver ma place</a></div>
</div>
