{"id":1285,"date":"2025-02-13T12:16:24","date_gmt":"2025-02-13T11:16:24","guid":{"rendered":"https:\/\/ecole-anthropocene.fr\/?post_type=ajde_events&#038;p=1285"},"modified":"2025-02-25T11:04:50","modified_gmt":"2025-02-25T10:04:50","slug":"le-pire-nest-jamais-certain-contre-recits-pour-un-monde-reellement-desirable","status":"publish","type":"ajde_events","link":"https:\/\/ecole-anthropocene.fr\/?ajde_events=le-pire-nest-jamais-certain-contre-recits-pour-un-monde-reellement-desirable","title":{"rendered":"LE PIRE N\u2019EST JAMAIS CERTAIN : CONTRE-R\u00c9CITS POUR UN MONDE R\u00c9ELLEMENT D\u00c9SIRABLE"},"content":{"rendered":"\n<p>Comment fa\u00e7onner des r\u00e9cits capables de transformer le monde ? Cette rencontre explore les imaginaires qui fa\u00e7onnent nos soci\u00e9t\u00e9s et ceux qu\u2019il nous faut r\u00e9inventer pour un avenir plus juste. \u00c0 travers la question animale, les logiques d\u2019exclusion et les enjeux \u00e9cologiques en banlieue, trois voix engag\u00e9es d\u00e9construisent les structures dominantes et esquissent de nouvelles perspectives. Entre critique et proposition, cette discussion invite \u00e0 penser ensemble pour tout refaire autrement.<\/p>\n\n\n\n<p><a href=\"https:\/\/ecole-anthropocene.fr\/?p=1351\" data-type=\"post\" data-id=\"1351\">Michel Feher<\/a>, philosophe, auteur de Producteurs et parasites. L&rsquo;imaginaire si d\u00e9sirable du Rassemblement national (La D\u00e9couverte, 2024)<\/p>\n\n\n\n<p><a href=\"https:\/\/ecole-anthropocene.fr\/?p=1347\" data-type=\"post\" data-id=\"1347\">Kaoutar Harchi<\/a>, sociologue et \u00e9crivaine, autrice de Ainsi l&rsquo;animal et nous (Actes Sud, 2024)<\/p>\n\n\n\n<p><a href=\"https:\/\/ecole-anthropocene.fr\/?p=1630\" data-type=\"post\" data-id=\"1630\">Sanaa Saitouli<\/a>, experte dans la conception et la mise en \u0153uvre de dispositifs publics et en politique des territoires Quartiers Politique de la Ville, co-fondatrice de Banlieues Climat<\/p>\n\n\n\n<p>Animation : <a href=\"https:\/\/ecole-anthropocene.fr\/?p=774\" data-type=\"post\" data-id=\"774\">Nora Hamadi<\/a>, journaliste, productrice de \u00ab\u00a0Douce France\u00a0\u00bb sur France Culture<\/p>\n\n\n\n<p>Prix libre, sur inscription.<\/p>\n\n\n\n<div class=\"wp-block-buttons is-content-justification-center is-layout-flex wp-container-core-buttons-is-layout-1 wp-block-buttons-is-layout-flex\" style=\"margin-top:0;margin-bottom:0\">\n<div class=\"wp-block-button has-custom-font-size has-cite-font-family has-medium-font-size\" style=\"text-decoration:underline\"><a class=\"wp-block-button__link has-base-color has-text-color has-link-color wp-element-button\" href=\"https:\/\/www.helloasso.com\/associations\/cite-anthropocene\/evenements\/le-pire-n-est-jamais-certain-contre-recits-pour-un-monde-reellement-desirable\" style=\"border-style:none;border-width:0px;border-radius:10px;padding-top:var(--wp--preset--spacing--30);padding-right:var(--wp--preset--spacing--40);padding-bottom:var(--wp--preset--spacing--30);padding-left:var(--wp--preset--spacing--40)\" target=\"_blank\" rel=\"noreferrer noopener\">R\u00e9server ma place<\/a><\/div>\n<\/div>\n\n\n\n<p><\/p>\n","protected":false},"author":1,"featured_media":0,"menu_order":0,"comment_status":"open","ping_status":"closed","template":"","meta":{"inline_featured_image":false},"tags":[],"event_type":[],"event_type_2":[],"class_list":["post-1285","ajde_events","type-ajde_events","status-publish","hentry","event_location-salle-paul-garcin"],"_links":{"self":[{"href":"https:\/\/ecole-anthropocene.fr\/index.php?rest_route=\/wp\/v2\/ajde_events\/1285","targetHints":{"allow":["GET"]}}],"collection":[{"href":"https:\/\/ecole-anthropocene.fr\/index.php?rest_route=\/wp\/v2\/ajde_events"}],"about":[{"href":"https:\/\/ecole-anthropocene.fr\/index.php?rest_route=\/wp\/v2\/types\/ajde_events"}],"author":[{"embeddable":true,"href":"https:\/\/ecole-anthropocene.fr\/index.php?rest_route=\/wp\/v2\/users\/1"}],"replies":[{"embeddable":true,"href":"https:\/\/ecole-anthropocene.fr\/index.php?rest_route=%2Fwp%2Fv2%2Fcomments&post=1285"}],"wp:attachment":[{"href":"https:\/\/ecole-anthropocene.fr\/index.php?rest_route=%2Fwp%2Fv2%2Fmedia&parent=1285"}],"wp:term":[{"taxonomy":"post_tag","embeddable":true,"href":"https:\/\/ecole-anthropocene.fr\/index.php?rest_route=%2Fwp%2Fv2%2Ftags&post=1285"},{"taxonomy":"event_type","embeddable":true,"href":"https:\/\/ecole-anthropocene.fr\/index.php?rest_route=%2Fwp%2Fv2%2Fevent_type&post=1285"},{"taxonomy":"event_type_2","embeddable":true,"href":"https:\/\/ecole-anthropocene.fr\/index.php?rest_route=%2Fwp%2Fv2%2Fevent_type_2&post=1285"}],"curies":[{"name":"wp","href":"https:\/\/api.w.org\/{rel}","templated":true}]}}

LE PIRE N’EST JAMAIS CERTAIN : CONTRE-RÉCITS POUR UN MONDE RÉELLEMENT DÉSIRABLE

<p>Comment façonner des récits capables de transformer le monde ? Cette rencontre explore les imaginaires qui façonnent nos sociétés et ceux qu’il nous faut réinventer pour un avenir plus juste. À travers la question animale, les logiques d’exclusion et les enjeux écologiques en banlieue, trois voix engagées déconstruisent les structures dominantes et esquissent de nouvelles perspectives. Entre critique et proposition, cette discussion invite à penser ensemble pour tout refaire autrement.</p>



<p><a href="https://ecole-anthropocene.fr/?p=1351" data-type="post" data-id="1351">Michel Feher</a>, philosophe, auteur de Producteurs et parasites. L&rsquo;imaginaire si désirable du Rassemblement national (La Découverte, 2024)</p>



<p><a href="https://ecole-anthropocene.fr/?p=1347" data-type="post" data-id="1347">Kaoutar Harchi</a>, sociologue et écrivaine, autrice de Ainsi l&rsquo;animal et nous (Actes Sud, 2024)</p>



<p><a href="https://ecole-anthropocene.fr/?p=1630" data-type="post" data-id="1630">Sanaa Saitouli</a>, experte dans la conception et la mise en œuvre de dispositifs publics et en politique des territoires Quartiers Politique de la Ville, co-fondatrice de Banlieues Climat</p>



<p>Animation : <a href="https://ecole-anthropocene.fr/?p=774" data-type="post" data-id="774">Nora Hamadi</a>, journaliste, productrice de « Douce France » sur France Culture</p>



<p>Prix libre, sur inscription.</p>



<div class="wp-block-buttons is-content-justification-center is-layout-flex wp-container-core-buttons-is-layout-1 wp-block-buttons-is-layout-flex" style="margin-top:0;margin-bottom:0">
<div class="wp-block-button has-custom-font-size has-cite-font-family has-medium-font-size" style="text-decoration:underline"><a class="wp-block-button__link has-base-color has-text-color has-link-color wp-element-button" href="https://www.helloasso.com/associations/cite-anthropocene/evenements/le-pire-n-est-jamais-certain-contre-recits-pour-un-monde-reellement-desirable" style="border-style:none;border-width:0px;border-radius:10px;padding-top:var(--wp--preset--spacing--30);padding-right:var(--wp--preset--spacing--40);padding-bottom:var(--wp--preset--spacing--30);padding-left:var(--wp--preset--spacing--40)" target="_blank" rel="noreferrer noopener">Réserver ma place</a></div>
</div>



<p></p>
